{"id":100,"date":"2019-10-24T15:35:38","date_gmt":"2019-10-24T12:35:38","guid":{"rendered":"http:\/\/www.tayyarnakliyat.com\/?page_id=100"},"modified":"2020-11-27T00:08:16","modified_gmt":"2020-11-26T21:08:16","slug":"hakkimizda","status":"publish","type":"page","link":"http:\/\/www.tayyarnakliyat.com\/?page_id=100","title":{"rendered":"Hakk\u0131m\u0131zda"},"content":{"rendered":"\n<figure class=\"wp-block-image size-large\"><img loading=\"lazy\" width=\"612\" height=\"408\" src=\"http:\/\/www.tayyarnakliyat.com\/wp-content\/uploads\/2020\/11\/nakliye_icon.png\" alt=\"\" class=\"wp-image-312\" srcset=\"http:\/\/www.tayyarnakliyat.com\/wp-content\/uploads\/2020\/11\/nakliye_icon.png 612w, http:\/\/www.tayyarnakliyat.com\/wp-content\/uploads\/2020\/11\/nakliye_icon-300x200.png 300w\" sizes=\"(max-width: 612px) 100vw, 612px\" \/><\/figure>\n\n\n\n<div class=\"wp-block-safirtema-mainheading mainHeading\"><div class=\"icon icon9\"><\/div><div class=\"text\">Tayyar Nakliyat Evden Eve Nakliye<\/div><\/div>\n\n\n\n<p>Firmam\u0131z, T\u00fcrkiye\u2019nin d\u00f6rt bir yan\u0131nda ba\u015ftaevden eve nakliyat olmak \u00fczere ta\u015f\u0131mac\u0131l\u0131ksekt\u00f6r\u00fcn\u00fcn t\u00fcm hizmet kollar\u0131nda kaliteli,g\u00fcvenli, h\u0131zl\u0131 hizmetler sunmak i\u00e7in 7\/24 sizde\u011ferli m\u00fc\u015fterilerimize zamankazand\u0131rmak amac\u0131yla \u00e7al\u0131\u015fmaktan gururduymaktay\u0131z.\u0130lk nakliyat i\u015fimizi yapt\u0131\u011f\u0131m\u0131z g\u00fcndenitibaren sizlerden ald\u0131\u011f\u0131m\u0131z olumlu gerid\u00f6n\u00fc\u015fler 1996 y\u0131l\u0131ndan beri yapt\u0131\u011f\u0131m\u0131zta\u015f\u0131mac\u0131l\u0131k sekt\u00f6r\u00fcnde daha ba\u015far\u0131l\u0131 vekal\u0131c\u0131 hizmetlere imza atmam\u0131z i\u00e7inkataliz\u00f6r g\u00f6revi g\u00f6rm\u00fc\u015f bizleri s\u00fcrekli dahaiyi hizmeti vermek i\u00e7in \u00e7al\u0131\u015fmaya itmi\u015ftir.Kusursuz hizmet politikam\u0131zda yer alansigortal\u0131 ta\u015f\u0131mac\u0131l\u0131k sistemimizle hasaran\u0131nda h\u0131zl\u0131 ve eksiksiz tazminat \u00f6demesiyapaca\u011f\u0131m\u0131z\u0131n garantisini veriyoruz.Her t\u00fcrl\u00fc ta\u015f\u0131mac\u0131l\u0131k ihtiyac\u0131n\u0131zdag\u00fcveninizin tek adresi olmaktan gururduyuyoruz.<\/p>\n\n\n\n<div class=\"wp-block-safirtema-mainheading mainHeading\"><div class=\"icon icon35\"><\/div><div class=\"text\">\u00c7\u00f6z\u00fcm Orta\u011f\u0131n\u0131z<\/div><\/div>\n\n\n\n<ul><li>At vero eos et accusam et justo duo dolores et ea rebum. <\/li><li>Stet clita kasd gubergren, no sea takimata sanctus est. <\/li><li>Lorem ipsum dolor sit amet. <\/li><li>Lorem ipsum dolor sit amet, consetetur sadipscing elitr.<\/li><\/ul>\n\n\n\n<p>Lorem ipsum dolor sit amet. Lorem ipsum dolor sit amet, consetetur sadipscing elitr. Lorem ipsum dolor sit amet. Lorem ipsum dolor sit amet, consetetur sadipscing elitr.<\/p>\n\n\n\n<div class=\"wp-block-safirtema-mainheading mainHeading\"><div class=\"icon icon25\"><\/div><div class=\"text\">Nas\u0131l \u00c7al\u0131\u015f\u0131yoruz<\/div><\/div>\n\n\n\n<div class=\"wp-block-safirtema-sorucevap safir-faq\"><div class=\"question\"><div class=\"icon\"><\/div><span class=\"text\">At vero eos et accusam et justo duo dolores et ea rebum?<\/span><div class=\"openclose\"><\/div><\/div><p class=\"answer\">Stet clita kasd gubergren, no sea takimata sanctus est Lorem ipsum dolor sit amet. Lorem ipsum dolor sit amet, consetetur sadipscing elitr, sed diam nonumy eirmod tempor invidunt ut labore et dolore magna aliquyam erat, sed diam voluptua. <strong>At vero eos et accusam<\/strong> et justo duo dolores et ea rebum. Stet clita kasd gubergren, no sea takimata sanctus est Lorem ipsum dolor sit amet. Lorem ipsum dolor sit amet, consetetur sadipscing elitr, At accusam aliquyam diam diam <a href=\"#\">dolore dolores<\/a> duo eirmod eos erat, et nonumy sed tempor et et invidunt justo labore Stet clita ea et gubergren, kasd magna no rebum. sanctus sea sed takimata ut vero voluptua. est Lorem ipsum dolor sit amet. Lorem ipsum dolor sit amet, consetetur sadipscing elitr, sed diam nonumy eirmod tempor invidunt ut labore et dolore magna aliquyam erat.<\/p><\/div>\n\n\n\n<div class=\"wp-block-safirtema-sorucevap safir-faq\"><div class=\"question\"><div class=\"icon\"><\/div><span class=\"text\">Stet clita kasd gubergren?<\/span><div class=\"openclose\"><\/div><\/div><p class=\"answer\">No sea takimata sanctus est Lorem ipsum dolor sit amet. Lorem ipsum dolor sit amet, consetetur sadipscing elitr, sed diam nonumy eirmod tempor invidunt ut labore et dolore magna aliquyam erat, sed diam voluptua. At vero eos et accusam et justo duo dolores et ea rebum. Stet clita kasd gubergren, no sea takimata sanctus est Lorem ipsum dolor sit amet. Lorem ipsum dolor sit amet, consetetur sadipscing elitr, At accusam aliquyam diam diam dolore dolores duo eirmod eos erat, et nonumy sed tempor et et invidunt justo labore Stet clita ea et gubergren, kasd magna no rebum. sanctus sea sed takimata ut vero voluptua. est Lorem ipsum dolor sit amet. Lorem ipsum dolor sit amet, consetetur sadipscing elitr, sed diam nonumy eirmod tempor invidunt ut labore et dolore magna aliquyam erat.<\/p><\/div>\n\n\n\n<p>At vero eos et accusam et justo duo dolores et ea rebum. Stet clita kasd gubergren, no sea takimata sanctus est Lorem ipsum dolor sit amet. Lorem ipsum dolor sit amet, consetetur sadipscing elitr, sed diam nonumy eirmod tempor invidunt ut labore et dolore magna aliquyam erat, sed diam voluptua. At vero eos et accusam et justo duo dolores et ea rebum. <\/p>\n\n\n\n<div class=\"wp-block-safirtema-bgtext descriptionbox buildings\"><div class=\"inner\"><div class=\"icon icon14\"><\/div><div class=\"header\">Stet clita ea et gubergren<\/div><p class=\"content\">Lorem ipsum dolor sit amet. Lorem ipsum dolor sit amet, consetetur sadipscing elitr.<\/p><\/div><\/div>\n\n\n\n<p>Stet clita kasd gubergren, no sea takimata sanctus est Lorem ipsum dolor sit amet. Lorem ipsum dolor sit amet, consetetur sadipscing elitr, At accusam aliquyam diam diam dolore dolores duo eirmod eos erat, et nonumy sed tempor et et invidunt justo labore Stet clita ea et gubergren, kasd magna no rebum. sanctus sea sed takimata ut vero voluptua. est Lorem ipsum dolor sit amet. Lorem ipsum dolor sit amet, consetetur sadipscing elitr, sed diam nonumy eirmod tempor invidunt ut labore et dolore magna aliquyam erat.<\/p>\n","protected":false},"excerpt":{"rendered":"<p>Firmam\u0131z, T\u00fcrkiye\u2019nin d\u00f6rt bir yan\u0131nda ba\u015ftaevden eve nakliyat olmak \u00fczere ta\u015f\u0131mac\u0131l\u0131ksekt\u00f6r\u00fcn\u00fcn t\u00fcm hizmet kollar\u0131nda kaliteli,g\u00fcvenli, h\u0131zl\u0131 hizmetler sunmak i\u00e7in 7\/24 sizde\u011ferli m\u00fc\u015fterilerimize zamankazand\u0131rmak amac\u0131yla \u00e7al\u0131\u015fmaktan gururduymaktay\u0131z.\u0130lk nakliyat i\u015fimizi yapt\u0131\u011f\u0131m\u0131z g\u00fcndenitibaren sizlerden ald\u0131\u011f\u0131m\u0131z olumlu gerid\u00f6n\u00fc\u015fler 1996 y\u0131l\u0131ndan beri yapt\u0131\u011f\u0131m\u0131zta\u015f\u0131mac\u0131l\u0131k sekt\u00f6r\u00fcnde daha ba\u015far\u0131l\u0131 vekal\u0131c\u0131 hizmetlere imza atmam\u0131z i\u00e7inkataliz\u00f6r g\u00f6revi g\u00f6rm\u00fc\u015f bizleri s\u00fcrekli dahaiyi hizmeti vermek i\u00e7in \u00e7al\u0131\u015fmaya [&hellip;]<\/p>\n","protected":false},"author":1,"featured_media":0,"parent":0,"menu_order":0,"comment_status":"closed","ping_status":"closed","template":"","meta":[],"_links":{"self":[{"href":"http:\/\/www.tayyarnakliyat.com\/index.php?rest_route=\/wp\/v2\/pages\/100"}],"collection":[{"href":"http:\/\/www.tayyarnakliyat.com\/index.php?rest_route=\/wp\/v2\/pages"}],"about":[{"href":"http:\/\/www.tayyarnakliyat.com\/index.php?rest_route=\/wp\/v2\/types\/page"}],"author":[{"embeddable":true,"href":"http:\/\/www.tayyarnakliyat.com\/index.php?rest_route=\/wp\/v2\/users\/1"}],"replies":[{"embeddable":true,"href":"http:\/\/www.tayyarnakliyat.com\/index.php?rest_route=%2Fwp%2Fv2%2Fcomments&post=100"}],"version-history":[{"count":7,"href":"http:\/\/www.tayyarnakliyat.com\/index.php?rest_route=\/wp\/v2\/pages\/100\/revisions"}],"predecessor-version":[{"id":316,"href":"http:\/\/www.tayyarnakliyat.com\/index.php?rest_route=\/wp\/v2\/pages\/100\/revisions\/316"}],"wp:attachment":[{"href":"http:\/\/www.tayyarnakliyat.com\/index.php?rest_route=%2Fwp%2Fv2%2Fmedia&parent=100"}],"curies":[{"name":"wp","href":"https:\/\/api.w.org\/{rel}","templated":true}]}}